e prime factors of o.
7
Let s(f) = -f**3 + 6*f**2 - 5*f + 2. Let l be s(4). Suppose 5*b - 2*k - 181 = -l, 4*b = -3*k + 152. What are the prime factors of (b/(-15))/((-2)/6)?
7
Let r(i) = -i**2 + 8*i - 5. Let x be r(7). Suppose 6 = -2*l, 0 = 2*c + x*l + l + 7. List the prime factors of 7 + -2*c + 1.
2, 3
Suppose 16*b - 6880 = -4*b. What are the prime factors of b?
2, 43
What are the prime factors of 1/(1/42) - 1?
41
Let n(s) be the first derivative of -s**3/3 + 9*s**2/2 - 6*s - 2. Let b be n(8). Let r(z) = z**3 + 2*z**2 + 2. List the prime factors of r(b).
2, 3
Suppose -3*w + 412 = -s, -s - 4*s = 5*w - 700. What are the prime factors of w?
2, 3, 23
Let g(h) = 10*h + 5. Let l(a) = 3*a + 2. Let j(o) = -2*g(o) + 7*l(o). What are the prime factors of j(0)?
2
Suppose 4*p - d = d - 16, 2*p + 2*d = -20. List the prime factors of (-50)/p - 10/(-15).
3
Let h be (-2)/(-9) - (-170)/45. Suppose -2*j - g = -59, g - 29 = -5*j + h*j. List the prime factors of j.
2, 3, 5
Let p be (-2 + (-15)/(-6))*18. Let b = p + -5. Suppose -50 = b*m - 9*m. What are the prime factors of m?
2, 5
Let a(g) = g**2 - 18*g - 16. List the prime factors of a(19).
3
Suppose 2 + 2 = i. Suppose 0*n = -i*n. Suppose 0*f - 4*f = 5*s - 77, n = 4*f - 4*s - 68. List the prime factors of f.
2, 3
Let s = -9 + 11. Suppose 5*g = s*g + 36. What are the prime factors of g?
2, 3
Let l(u) = u**2 + 6*u - 7. Let f be l(-7). Let x = f - -6. What are the prime factors of (-20)/(-3) - 4/x?
2, 3
Let q(m) = -m**3 + 6*m**2 + 9*m - 10. Let b be q(7). Suppose -2*k = -5*v + 13, -3*k + 16 = k + b*v. List the prime factors of k/((-20)/(-19) + -1).
19
Suppose -4*k = -2*k - 3*m - 147, 0 = 3*k + 3*m - 243. What are the prime factors of k?
2, 3, 13
Let b(p) = p**3 - 2*p - 1. Let x be b(2). List the prime factors of 145/15 + 1/x.
2, 5
Suppose -2*c = 23 - 215. What are the prime factors of c?
2, 3
Suppose -2*t - 7 + 1 = a, -a = -t + 3. Let m be -2*5*2/a. Suppose 0 = -4*w - 2*g + 16, 2*g + 18 = 4*w + m*g. List the prime factors of w.
3
Let i = 18 - -33. List the prime factors of i.
3, 17
Suppose 2*w + 5 = 5*p, 2*w + 2*w + p - 45 = 0. Suppose w = 3*j - 2. What are the prime factors of j?
2
Let p = 4 + -5. Let r = p + 22. Suppose h - 17 = -l + 4*h, -r = -3*l - h. What are the prime factors of l?
2
Let d(s) be the first derivative of 21*s**2/2 - 27*s + 1. Let n(y) = 5*y - 7. Let f(h) = -2*d(h) + 9*n(h). What are the prime factors of f(7)?
2, 3
Suppose 4*n - 24 = 4*k, 5*n = -k - k + 44. Suppose -n*q + 6*q = -58. List the prime factors of q.
29
Let u = 6 - 4. Suppose -2*d + 8 = -5*j + 2, -20 = -2*d - u*j. List the prime factors of d.
2
Let x(j) be the first derivative of j**4/4 - 4*j**3/3 - j**2/2 + j - 4. List the prime factors of x(5).
3, 7
Suppose 4*q + 5*i - 49 = 0, 3*i + 29 = 3*q - i. Suppose 0 = -3*n + 2*z, -14 + 3 = -4*n - z. Let g = q - n. What are the prime factors of g?
3
Let d(i) = 13*i**2 + 2*i + 3. What are the prime factors of d(-1)?
2, 7
Suppose -4*n + 175 - 15 = 0. Suppose 3*o - 45 = 5*h - 127, 2*h = 3*o + n. Suppose 3*m = m + h. What are the prime factors of m?
7
Let d(v) = v**3 + v**2 - v + 1. Let t be d(0). Let f be (1 + 1)/(-2) + t. Suppose -u + 5*u - 32 = f. List the prime factors of u.
2
Let v(n) be the first derivative of n**3/6 - n**2/2 + 2*n + 4. Let w(t) be the first derivative of v(t). What are the prime factors of w(7)?
2, 3
Suppose -5*h + 7*h + 20 = 0. What are the prime factors of (h/40)/((-1)/76)?
19
Let o(w) = -2*w. Suppose 4*r = -7 + 43. Let v(a) = a**2 + 4*a. Let y(n) = r*o(n) + 4*v(n). List the prime factors of y(2).
2, 3
Suppose 0 = 2*w + d - 47 - 56, 4*w - 209 = -3*d. What are the prime factors of w?
2, 5
Suppose 26 = 4*w - 42. Suppose 0*b - 5*f + w = -b, 0 = 3*b + 4*f - 25. What are the prime factors of b?
3
Let u = 87 - 41. What are the prime factors of u?
2, 23
Suppose -5*i + 36 = -19. List the prime factors of i.
11
Suppose -2*o = o + 3*s - 213, -4*o + 3*s = -284. What are the prime factors of o?
71
Let k = 26 + -9. Suppose 3*x - 2*x - k = 0. What are the prime factors of x?
17
Let c(s) = 3*s**2. Let a be c(-1). Let u(g) = -4*g**3 - 3*g**2 + 5*g**a + 4*g - g. List the prime factors of u(3).
3
Let p(k) = k**3 + 7*k**2 - 9*k - 8. Let h be p(-8). Suppose -2*d + 4 = -h*d. List the prime factors of 6*(d + 9/(-6)).
3
Let a(k) = 4*k - 3. Let t(z) = -z**3 + 6. Let s be t(0). Let i be (-8)/12 - (-16)/s. What are the prime factors of a(i)?
5
Suppose -2*f - 4*h + 14 = 0, -3*f = -2*h + h - 14. What are the prime factors of f?
5
Suppose -m + 29 = -3*a - 40, -3*a - 141 = -2*m. Suppose -2*q = -5*z - 60, -m = -5*q - 4*z + 45. What are the prime factors of q?
5
Let i(v) be the third derivative of -v**6/120 + 7*v**5/60 + v**4/24 - v**3/2 + v**2. What are the prime factors of i(7)?
2
Let u(c) = -2 + 1 - c + 6*c**2 + c**3 - 3*c**2. What are the prime factors of u(-3)?
2
Suppose 3 = 3*k - 6. Suppose 0 = k*q + 2 - 14. Suppose i + 80 = q*n, i = -4*n + 4*i + 72. List the prime factors of n.
3, 7
Let t(r) = r**2 + r - 1. Let v be t(-2). What are the prime factors of 21/v + (8 - 6)?
23
Suppose -5*j - 4*m + 15 = -3, -3*j = -2*m - 2. Suppose j*u + u = -6, -2*c + 2 = -2*u. List the prime factors of (c + (-9)/(-6))*20.
2, 5
List the prime factors of 3 - -187 - (0 - 2).
2, 3
Let a be 6370/55 - (-6)/33. Suppose -5*r = -r - a. What are the prime factors of r?
29
Let o = 11 + -5. Suppose 3*q = o + 24. What are the prime factors of q?
2, 5
Suppose -3*i + 6 = -0. Let n = i + -2. Let s(g) = -g + 7. List the prime factors of s(n).
7
Let p(v) = -4*v - 1. Let l be p(6). List the prime factors of 1 - l - (1 - 3).
2, 7
Suppose -4*j - 149 = 4*d - 441, 5*j - 20 = 0. List the prime factors of d.
3, 23
Suppose -8*a + 119 = -a. Let y = 2 + 13. Suppose -2*o + 1 = -b - a, o - y = -b. What are the prime factors of o?
11
Let r(v) = -2*v**3 + 4*v - 2*v - 2*v. List the prime factors of r(-3).
2, 3
Suppose 3*k - 4*z - 1 = 1, 5*k + 4*z + 50 = 0. Let p(i) = i + 10. Let j be p(k). Suppose q - j*x + 3*x - 8 = 0, 3*x + 3 = 0. List the prime factors of q.
7
Let o = -8 + 12. Suppose 30 = q + o*q. What are the prime factors of q?
2, 3
Suppose -5*x = 5*v + 35, -7 = 2*v - x - 4*x. Let o be 9/v*(-6)/(-9). Let p = o - -5. List the prime factors of p.
2
Let c = 5 + -3. Suppose -20 + c = 3*q. Let t(f) = f**3 + 6*f**2 + 6. What are the prime factors of t(q)?
2, 3
Let m = -23 - -110. Suppose -13 + m = 2*a. List the prime factors of a.
37
Let s = 42 - -6. What are the prime factors of s?
2, 3
Let s = 27 + 22. List the prime factors of s.
7
What are the prime factors of (-2)/(-10) - ((-1976)/20 - -2)?
97
Let i(j) = 3*j**2 + j + 1. Let q be i(-1). Suppose 0 = -f + q*f - 4. Suppose f*y + 3*g - 14 = -g, 2*g = 2*y - 38. List the prime factors of y.
3, 5
Suppose -29 = -q - 3*c, -2 = -q - 2*c + 29. Suppose 3*a + 3*i - i = 116, a - 3*i = q. List the prime factors of a.
2, 19
Let x = -3 - 0. List the prime factors of 22*x/12*-2.
11
Let z(v) = 2*v + 16. Let q be z(17). Let l = 0 + q. What are the prime factors of l?
2, 5
Suppose 3*a - 10 = 110. List the prime factors of a.
2, 5
List the prime factors of 9/6*(-228)/(-18).
19
Let z = -261 + 455. List the prime factors of 3/15 + z/5.
3, 13
Suppose -1 + 67 = 2*m. Let g be (14/3)/(2/m). Suppose x + x = -4, 5*q - g = -4*x. What are the prime factors of q?
17
Let a(w) = w - 3. Let c be a(-3). What are the prime factors of ((-4)/c)/(14/231)?
11
Let k(w) = w**2 + 10*w + 4. Let n = 2 - -1. Suppose 5*v = 5*b - n*b - 40, -15 = 4*v - 5*b. What are the prime factors of k(v)?
2
Let h(a) = 2*a**2 + 3*a - 39. Let k(u) = 3*u**2 + 5*u - 58. Let m(p) = -8*h(p) + 5*k(p). What are the prime factors of m(0)?
2, 11
Suppose 51 = 5*g - 44. What are the prime factors of g?
19
Let w(y) = -2*y**2 + 2*y + 3. Let b be w(3). List the prime factors of b/(-2) + 2/(-4).
2
Suppose -2*z = 2*z - 132. Let y = z + -19. What are the prime factors of y?
2, 7
Let j be ((-226)/(-6))/(3/9). Suppose j + 15 = 4*b. What are the prime factors of b?
2
Let f(c) = -4*c**2 + 14*c + 6. Let i(l) = -3*l**2 + 13*l + 6. Let s(x) = -4*f(x) + 5*i(x). What are the prime factors of s(-9)?
2, 3
Suppose -3*l = -0*l - 63. List the prime factors of l.
3, 7
Let m(a) be the second derivative of a**4/12 - 2*a**3 + 3*a**2/2 - a. Let k be m(10). Let b = 37 + k. What are the prim